s. What is the remainder when 56 is divided by z?
16
Suppose 1963*y - 1952*y = 913. What is the remainder when 353 is divided by y?
21
Let k(m) be the second derivative of -m**3/6 - 11*m**2/2 - 10*m. Let v be k(-11). Suppose -x + 9 - 1 = v. What is the remainder when 21 is divided by x?
5
Suppose -64 = -4*m - 3*c, 2*c = 4*c. Let v be -2 + 20/8 + 2/(-4). Suppose v = -s, -8*o = -6*o + s - 152. What is the remainder when o is divided by m?
12
Calculate the remainder when 258 is divided by 117 + 3/(-3)*9/(72/(-16)).
20
Calculate the remainder when (522 - 0)/((-4)/(-6)) + (28 - 26) is divided by 37.
8
Suppose 0 = 4*w - 3*w - 5. Suppose 0 = 2*l + j - 216, 566 = w*l - 3*j - j. Suppose -7*h + 51 = -l. What is the remainder when 65 is divided by h?
19
Let m(x) = 6*x**2 - 28. Suppose 16*j - 61 = 17*j. Let d = -42 - j. Calculate the remainder when m(4) is divided by d.
11
Let s be (14/21)/(2*(-1)/3). Calculate the remainder when (11 - (-72)/(-4))/(1/s) is divided by 1.
0
Let s be 1/(-3) + (-1)/(-3). Suppose w - 1 = s, -2*w + 77 = 5*r - 130. Let u(n) = 42*n - 112. Calculate the remainder when r is divided by u(3).
13
Let k(r) = 7*r**2 - 28*r + 1. Let a be k(4). What is the remainder when 80/(-6)*9/(-6) is divided by (4/(-8) - a)*-6?
2
Let w(z) = -z - 6*z - 4*z + 20 - z**2 - 4*z. Suppose 3*u + 45 = 8*u. What is the remainder when w(-14) is divided by u?
7
Let q = 29 + 124. What is the remainder when q is divided by -15 + (-2)/(12/(-900)*3)?
13
Let k be -2 + (-3)/3 - (-2 + -54). Let w = k - 41. Suppose -5*y + 93 = -262. What is the remainder when y is divided by w?
11
Let v(d) = 188*d + 1309. Calculate the remainder when 339 is divided by v(-6).
158
Suppose 48 = 3*q - 3*m, -4*q + 0*m + 5*m + 60 = 0. Suppose -q = 3*r - 13*r. Let u = r + 31. What is the remainder when 64 is divided by u?
31
Let z = 3213 - 2834. Calculate the remainder when z is divided by 76.
75
Suppose 418 = -5*u + 4*c, 4*c = 15*u - 12*u + 254. Let y = u - -198. What is the remainder when y is divided by 40?
36
Let i(f) = -11*f - 216. What is the remainder when 71 is divided by i(-21)?
11
Suppose 4*o + 3*m = 223, 4*o - 412*m + 409*m - 241 = 0. Calculate the remainder when o is divided by 50.
8
Suppose 29*r - 642 = 26*r. Suppose r*y = 207*y + 308. Suppose 2*p - c = -5*c + 28, -52 = -4*p - 4*c. What is the remainder when y is divided by p?
8
Suppose -7 = -m + l + 317, 5*l - 972 = -3*m. Calculate the remainder when m is divided by 135.
54
Let u(g) = -2*g**2 + 35*g + 5. Suppose -r + 62 = 28. Let o be (-8)/4*(-3)/12*r. What is the remainder when u(o) is divided by 6?
4
Suppose 0 = -16*h + 19965 + 21075. Calculate the remainder when h is divided by 2.
1
Calculate the remainder when 654 is divided by -5 + 4 + (10 - 13/(-13)).
4
Let c(p) = -2*p**2 + 27*p - 36. Let g be c(12). Suppose 43*x - 38*x - 40 = g. Calculate the remainder when 10 is divided by x.
2
Let a = 212 + -192. Let g(r) = r**2 - 11*r + 42. What is the remainder when g(a) is divided by 25?
22
Let q(a) be the third derivative of 2*a**5/15 - a**4/24 - a**3/6 - 10*a**2. Calculate the remainder when (-357)/(-6) - (-3)/2 is divided by q(-1).
5
Let h(r) = -18 - 7*r + 7*r + 11*r. Calculate the remainder when h(6) is divided by 17.
14
Suppose 585 = 5*n - 5*y, 4*n + 4*y = 222 + 262. Calculate the remainder when 245 is divided by n.
7
Suppose -3*c = -3*t - 1536, 2*c + 8*t + 2052 = 6*c. What is the remainder when c is divided by 102?
1
Suppose 270*d + 174*d - 11988 = 0. What is the remainder when 93 is divided by d?
12
Suppose 438 = 2*t + 2*y, -27*y = -t - 22*y + 189. Calculate the remainder when 4273 is divided by t.
207
Suppose w = 2*j - 1866, -479 = -j + 4*w + 475. What is the remainder when j is divided by 17?
12
Suppose 19*r - 24 - 14 = 0. Suppose 5*h + 5*f = 30, -4*h + 43 = -3*f - r. Let t(y) = -40*y + 4. What is the remainder when t(-1) is divided by h?
8
Let i = -129 - -70. Let v(z) = -z - 29. Let d be v(19). Let b = d - i. What is the remainder when 20 is divided by b?
9
Let a(h) = 5*h**3 - 22*h**2 + 21*h - 103. Calculate the remainder when a(8) is divided by 37.
33
Suppose 5*j - 122 = v, -3*j = -8*v + 3*v - 60. Let n = -8 + 8. Suppose n = 9*q + 17*q - 1924. Calculate the remainder when q is divided by j.
24
Let q(m) = -5*m - 41. Let c be q(-14). Suppose 21*i + 2296 = c*i. What is the remainder when i is divided by 24?
23
Let n(r) = -3*r + 51. Let z be n(16). Let x(s) = z*s**2 + 1 - 4*s**2 + 2*s + 2*s**2 - 7. What is the remainder when x(9) is divided by 19?
17
Let y(c) = c**2 - 9*c + 26. Let m be y(8). Suppose -1954 = -m*w + 8. What is the remainder when w is divided by 10?
9
Let x = 4054 + -3779. Calculate the remainder when x is divided by 15.
5
Let d = 17 - 1. Suppose 2*z - 8*h + 3*h + 8 = 0, -3*z + h + 14 = 0. What is the remainder when d is divided by z?
4
Let v be (-111)/(-12) + 2 - 6/(-8). Suppose 4*i = 100 + v. Calculate the remainder when 51 is divided by i.
23
Let w(t) = 80*t**2 - 3*t. Let c be w(-1). Let v = c - 41. Suppose -5*p + 86 - 15 = 4*b, 0 = 5*p + 3*b - 72. What is the remainder when v is divided by p?
12
What is the remainder when 182432/32 + 0/(-3) + -7 is divided by 57?
51
Let y = 296 + -291. Suppose -5*v = 4*x - 147, -y*x - 2*v + 74 = -3*x. Calculate the remainder when 186 is divided by x.
34
Suppose -2*c = -4*x + 2274 - 224, 3*c - 1551 = -3*x. Calculate the remainder when x is divided by 265.
249
Let h(i) = -i**3 + 17*i**2 + 3*i - 42. Let u be h(17). Suppose u*x - 234 = 27. What is the remainder when 143 is divided by x?
27
Let c(x) = 2*x**2 - 47*x + 228. Calculate the remainder when 261 is divided by c(20).
85
Let n = 26 + -23. Suppose -n*y - 2*y = -15. Suppose 0*a + y*a - 156 = 3*f, -2*f - 10 = 0. What is the remainder when a is divided by 10?
7
Let w(i) = -i**2 + 9*i - 15. Let y(r) = 5*r + 2. Let l be y(5). Let n be l/(-36) + 30/8. What is the remainder when 19 is divided by w(n)?
1
Suppose 275*c = 42*c + 258684 + 270925. What is the remainder when c is divided by 91?
89
Let j(z) = 4*z**3 - 2*z**2 - 4*z + 7. Let w be (12/(-6))/(-1 - -3). What is the remainder when j(2) is divided by (-70)/(-15) - (w + (-4)/(-6))?
3
Let n(j) = -6*j**3 - j**2 - 38*j - 14. Calculate the remainder when n(-6) is divided by 25.
24
Let x(a) = -99*a - 17975. What is the remainder when x(-184) is divided by 84?
73
Suppose -2*l - 16 = -6*l. Let s(d) = -3*d + 114. What is the remainder when s(l) is divided by 6?
0
Let u = 21653 + -21498. What is the remainder when u is divided by 109?
46
Suppose -53*n + 3*n - 61*n + 11877 = 0. Let j be 1 - (-1)/2*10. Suppose -g = -j*g + 50. What is the remainder when n is divided by g?
7
Suppose 440*b = 185*b + 11985. Let f(t) = -3*t - 9. Calculate the remainder when b is divided by f(-6).
2
Let h(y) = -2*y + 60. Let p be h(33). Suppose -3*r + 72 = r. Let t = r + p. What is the remainder when 59 is divided by t?
11
Suppose -5*m - 5*o + 25 = 0, -17 - 3 = -4*m + 5*o. Suppose m*x - 1986 = 144. What is the remainder when x is divided by 61?
60
Let x = 180 - 168. What is the remainder when 122 is divided by (-2)/x - ((-1339)/78 - -14)?
2
Let n(p) = p**2 - 21*p + 42. Let j be n(19). Suppose -2*m + 4*m - j = 0. Suppose 0 = 2*k + m*k - 392. Calculate the remainder when k is divided by 25.
23
Let s be ((-16)/7)/4 + (-1848)/196. Calculate the remainder when 127 is divided by (-124)/(-4) + (s - (-1 + -5)).
19
Let l = -543 + 553. Calculate the remainder when 375 is divided by l.
5
Let z be 0 + 5 + (-2 - -2). Suppose -7*u - 261*x = -265*x - 59, -3*x = -u + 23. Calculate the remainder when (-6)/(-4)*(z - -1) is divided by u.
4
Suppose -f + 99 + 32 = 3*m, 164 = 4*m + 4*f. What is the remainder when 1252 is divided by m?
37
Suppose 3*a - 5*k = -605, -33*k = -5*a - 34*k - 1027. Let q = -199 - a. What is the remainder when 9 is divided by q?
3
Let o = -126687 + 126700. Let w(u) = -u**3 - 5*u**2 + 4*u + 3. Calculate the remainder when w(-7) is divided by o.
8
Suppose -2188 = -5*d + d. Let y = -10818 - -10823. Suppose -3*h + y*p = -d, -h - h + 5*p = -368. Calculate the remainder when h is divided by 45.
44
Let q be (192/18)/(-8)*9/3. What is the remainder when 544 is divided by (-181)/(-2) - (q/8 + 0)?
89
What is the remainder when (2 - (-4)/(-6))*(-1839762)/(-358) is divided by 23?
21
Suppose 11*h - 95 = -8*h. Suppose 